 375 a factor of 252685290?
False
Is 43 a factor of 4869441647?
True
Does 457 divide 3626076?
False
Is 355 a factor of 7143764?
False
Does 24 divide 111644538?
False
Is 3975506 a multiple of 2?
True
Is 14140774 a multiple of 31?
True
Is 320 a factor of 22095680?
True
Does 133 divide 501877873?
False
Is 9119832 a multiple of 289?
False
Does 105 divide 1000956600?
True
Is 6 a factor of 99162534?
True
Does 185 divide 35663175?
False
Does 4 divide 253555288?
True
Is 2649 a factor of 638387808?
True
Does 40 divide 1101390190?
False
Is 46342339 a multiple of 232?
False
Is 23762556 a multiple of 18?
True
Is 84 a factor of 16640748?
False
Does 363 divide 106753218?
True
Is 980 a factor of 342052705?
False
Is 101896487 a multiple of 77?
True
Is 456766053 a multiple of 3?
True
Is 3014322894 a multiple of 9?
True
Does 13 divide 30049236?
False
Does 22 divide 238276368?
True
Is 8 a factor of 308384776?
True
Is 48 a factor of 89789136?
True
Does 37 divide 207793887?
True
Does 91 divide 1818855038?
True
Does 4763 divide 1226075399?
False
Is 80347779 a multiple of 3?
True
Does 94 divide 434648668?
True
Is 40 a factor of 136843200?
True
Is 31 a factor of 81539424?
True
Is 11 a factor of 4123089?
False
Is 10 a factor of 42994830?
True
Is 61568799 a multiple of 139?
True
Does 4 divide 42817475?
False
Is 11 a factor of 342767013?
False
Does 3 divide 188971030?
False
Does 6 divide 2107444?
False
Is 83486730 a multiple of 132?
False
Does 760 divide 176162680?
True
Does 36 divide 6599736?
True
Is 19 a factor of 1430801?
False
Is 546998138 a multiple of 36?
False
Is 41902471 a multiple of 396?
False
Is 1776194214 a multiple of 48?
False
Is 66 a factor of 335864562?
True
Does 12 divide 24252060?
True
Is 11 a factor of 617760?
True
Is 1693211364 a multiple of 26?
True
Is 1159611789 a multiple of 21?
True
Does 2098 divide 828597873?
False
Is 456729196 a multiple of 2597?
True
Does 472 divide 394499488?
True
Is 3104550385 a multiple of 143?
False
Is 992 a factor of 39078014?
False
Is 21 a factor of 129696233?
False
Is 613 a factor of 66616124?
False
Is 22 a factor of 297224224?
True
Does 268 divide 1005799179?
False
Is 2 a factor of 21809845?
False
Is 206482185 a multiple of 1365?
True
Does 1564 divide 393959088?
True
Is 23 a factor of 235322402?
False
Does 9 divide 11248029?
True
Does 1752 divide 29132256?
True
Is 6900 a factor of 155857200?
True
Does 418 divide 231339291?
False
Does 21 divide 448866863?
False
Does 6983 divide 858486988?
False
Is 130080461 a multiple of 17?
False
Is 18 a factor of 7752493098?
True
Is 410094896 a multiple of 8?
True
Is 4 a factor of 12829828?
True
Is 7241404 a multiple of 566?
True
Is 27280371 a multiple of 12?
False
Does 4932 divide 1390378451?
False
Is 66608930 a multiple of 194?
True
Does 334 divide 277050328?
True
Is 336733140 a multiple of 894?
False
Does 449 divide 26479864?
False
Is 135044634 a multiple of 36?
False
Is 469687509 a multiple of 1887?
True
Is 1023068092 a multiple of 402?
False
Is 115 a factor of 8444680?
True
Is 47 a factor of 50287415?
True
Is 30 a factor of 2468910180?
True
Is 136048631 a multiple of 3?
False
Is 9369436 a multiple of 118?
True
Is 11 a factor of 450874284?
False
Is 21 a factor of 17301627?
True
Does 280 divide 14436240?
True
Is 1677945053 a multiple of 27?
False
Is 21442308 a multiple of 6?
True
Is 25 a factor of 681875359?
False
Is 17839803 a multiple of 40?
False
Is 2404110217 a multiple of 25?
False
Does 45 divide 13097115?
True
Does 4 divide 110649949?
False
Does 12 divide 24636216?
True
Is 162470342 a multiple of 37?
False
Is 77 a factor of 85906700?
False
Is 359 a factor of 508635508?
True
Does 10 divide 67245620?
True
Is 164571991 a multiple of 5?
False
Does 704 divide 29398336?
True
Is 8570 a factor of 1688769920?
True
Is 84116985 a multiple of 45?
False
Is 161690471 a multiple of 1873?
True
Is 17551509 a multiple of 4?
False
Is 355030228 a multiple of 9?
False
Is 249675036 a multiple of 348?
True
Is 873178996 a multiple of 33?
False
Is 395 a factor of 96688677?
False
Is 106 a factor of 19807199?
False
Is 14067877 a multiple of 242?
False
Does 11 divide 125901417?
False
Is 10 a factor of 22759490?
True
Is 24 a factor of 208305744?
True
Is 14920570 a multiple of 189?
False
Is 760073875 a multiple of 521?
True
Is 227 a factor of 387406353?
False
Does 1522 divide 19835489?
False
Does 32 divide 386480127?
False
Is 429 a factor of 28946416?
False
Is 341611784 a multiple of 37?
False
Is 1053 a factor of 2369484819?
True
Does 867 divide 78806980?
False
Is 152554338 a multiple of 6?
True
Does 29 divide 257684996?
False
Is 1034709088 a multiple of 49?
True
Is 11690612 a multiple of 12?
False
Is 43 a factor of 55510024?
False
Is 32 a factor of 277364224?
True
Is 113998608 a multiple of 18?
True
Is 32237603 a multiple of 1711?
False
Is 19 a factor of 17864161?
True
Is 10596853 a multiple of 68?
False
Is 643 a factor of 328270147?
True
Is 17 a factor of 14795457?
True
Is 33163176 a multiple of 15?
False
Is 348 a factor of 1109963052?
True
Is 218270284 a multiple of 46?
False
Is 28087499 a multiple of 4?
False
Does 77 divide 704163626?
False
Does 90 divide 27597960?
True
Is 47767053 a multiple of 16?
False
Is 69 a factor of 1048786574?
False
Does 10 divide 206314500?
True
Does 1284 divide 135026069?
False
Is 258210987 a multiple of 417?
True
Is 1758 a factor of 3328991649?
False
Does 90 divide 6294652?
False
Is 480901860 a multiple of 795?
True
Is 1659095084 a multiple of 1291?
True
Is 40533834 a multiple of 47?
True
Is 86 a factor of 1961049694?
False
Is 176 a factor of 27236704?
True
Does 32 divide 86733376?
True
Is 110780414 a multiple of 208?
False
Is 367562646 a multiple of 11?
True
Is 9034645 a multiple of 3714?
False
Is 211 a factor of 40821326?
True
Is 157 a factor of 792640774?
False
Is 1950 a factor of 118043250?
True
Is 17 a factor of 6781058?
False
Is 42106029 a multiple of 83?
False
Does 71 divide 3219361?
False
Does 764 divide 7276336?
True
Is 46059520 a multiple of 104?
True
Is 2108078269 a multiple of 191?
True
Is 7755964 a multiple of 156?
False
Is 234 a factor of 161003934?
True
Is 316 a factor of 397038634?
False
Is 3 a factor of 253686278?
False
Is 1451321596 a multiple of 47?
False
Does 20 divide 3554380?
True
Is 3 a factor of 815501267?
False
Is 560950038 a multiple of 1826?
False
Does 44 divide 3083907156?
True
Is 1450 a factor of 35084200?
True
Is 17 a factor of 837740824?
True
Is 95173320 a multiple of 440?
True
Does 49 divide 215870414?
False
Is 13903573 a multiple of 13?
False
Does 8 divide 340260846?
False
Does 7 divide 8293120?
False
Is 1396 a factor of 1092919856?
False
Is 9331164 a multiple of 316?
True
Does 104 divide 66015597?
False
Does 113 divide 24986698?
False
Is 49 a factor of 20488498?
False
Is 12407299 a multiple of 25?
False
Is 10800239 a multiple of 230?
False
Is 230 a factor of 1427119640?
True
Is 1299460692 a multiple of 115?
False
Does 22 divide 4111822?
True
Does 317 divide 73734200?
True
Is 2814108726 a multiple of 6?
True
Does 6359 divide 233184530?
True
Is 90898353 a multiple of 861?
True
Does 41 divide 51475541?
True
Does 110 divide 5957142?
False
Does 609 divide 443827018?
False
Is 404728 a multiple of 496?
False
Is 80580786 a multiple of 78?
True
Does 14 divide 63659167?
False
Is 216 a factor of 29660040?
True
Is 6 a factor of 21014292?
True
Does 877 divide 1111030081?
True
Is 1093 a factor of 444683514?
False
Is 13 a factor of 5674762389?
False
Is 8091 a factor of 1126103271?
False
Is 44175157 a multiple of 23?
True
Is 372 a factor of 63330024?
True
Is 73446080 a multiple of 84?
False
Does 422 divide 115065052?
True
Is 10 a factor of 2347418110?
True
Is 2270045 a multiple of 435?
False
Is 31382117 a multiple of 83?
False
Does 884 divide 209655628?
True
Does 72 divide 2578752?
True
Does 69 divide 853912191?
True
Is 2369348480 a multiple of 68?
True
Is 874293 even?
False
Is 226967156 a multiple of 52?
True
Is 40 a factor of 158362775?
False
Does 299 divide 872073267?
True
Is 15 a factor of 191003355?
True
Is 882 a factor of 2425514?
False
Is 7451 a factor of 92563773?
True
Is 2405 a factor of 718589950?
True
Is 7936 a factor of 1527742456?
False
Is 231 a factor of 156296448?
True
Does 55 divide 32246118?
False
Does 6 divide 2443926?
True
Is 806966